10609 a prime number?
True
Is 24049 a composite number?
False
Is 290317 a prime number?
True
Is 15559 a prime number?
True
Is 620957 a composite number?
False
Is 15119 a composite number?
True
Is 1512427 a prime number?
False
Is 182711 a composite number?
False
Is 129841 prime?
True
Is 135215 a prime number?
False
Is 29507 prime?
False
Is 2042065 composite?
True
Is 1823 a composite number?
False
Is 14255 composite?
True
Is 2860549 a composite number?
True
Is 315853 composite?
True
Is 10637 a prime number?
False
Is 22285 prime?
False
Is 55307 a composite number?
True
Is 154319 prime?
False
Is 673529 composite?
False
Is 16183 a prime number?
True
Is 24601 a prime number?
False
Is 57689 a composite number?
False
Is 561703 composite?
False
Is 12646 a prime number?
False
Is 7801 composite?
True
Is 422273 a prime number?
False
Is 4691 a composite number?
False
Is 253229 a prime number?
True
Is 43499 prime?
True
Is 702629 a prime number?
False
Is 671 a prime number?
False
Is 1416829 a composite number?
False
Is 6805 composite?
True
Is 1429081 prime?
True
Is 52103 composite?
False
Is 380417 prime?
True
Is 122081 prime?
True
Is 317587 composite?
False
Is 17939 prime?
True
Is 26659 a composite number?
True
Is 2155 prime?
False
Is 64849 a composite number?
False
Is 18341 prime?
True
Is 41549 a composite number?
False
Is 3831 a prime number?
False
Is 219223 composite?
False
Is 510823 composite?
False
Is 8551 composite?
True
Is 171229 prime?
False
Is 25735 a composite number?
True
Is 434261 composite?
False
Is 187631 a prime number?
True
Is 71789 composite?
False
Is 55529 composite?
False
Is 9767 a prime number?
True
Is 286513 a prime number?
True
Is 251639 composite?
False
Is 18229 a prime number?
True
Is 119869 a prime number?
True
Is 398549 composite?
False
Is 87767 prime?
True
Is 226451 a prime number?
True
Is 65323 prime?
True
Is 13173 a prime number?
False
Is 105935 a prime number?
False
Is 14081 a composite number?
False
Is 6143 composite?
False
Is 37659 a prime number?
False
Is 19031 a prime number?
True
Is 1381397 composite?
False
Is 38107 a prime number?
False
Is 7463 a prime number?
False
Is 65411 prime?
False
Is 18803 a composite number?
False
Is 200755 a prime number?
False
Is 1280667 prime?
False
Is 5819531 a composite number?
False
Is 51851 composite?
True
Is 109507 prime?
True
Is 37907 composite?
False
Is 11846 prime?
False
Is 58657 prime?
True
Is 8251 composite?
True
Is 434347 a prime number?
True
Is 56369 a prime number?
True
Is 515 a composite number?
True
Is 5223 prime?
False
Is 464741 a composite number?
False
Is 721261 prime?
True
Is 23713 prime?
False
Is 467009 composite?
False
Is 7451 a prime number?
True
Is 196059 a composite number?
True
Is 1163 composite?
False
Is 20899 prime?
True
Is 3039 a prime number?
False
Is 359539 a prime number?
True
Is 110969 prime?
True
Is 321289 a composite number?
False
Is 989477 a composite number?
False
Is 163869 a prime number?
False
Is 2863 composite?
True
Is 12937 a prime number?
False
Is 1585421 a composite number?
True
Is 374849 a prime number?
True
Is 126239 a composite number?
True
Is 29731 a prime number?
False
Is 156749 prime?
True
Is 72418 composite?
True
Is 17558 a prime number?
False
Is 22441 a composite number?
False
Is 13309 a prime number?
True
Is 11379 prime?
False
Is 1313 prime?
False
Is 114607 a prime number?
False
Is 14305 a prime number?
False
Is 1651 a composite number?
True
Is 74863 a composite number?
True
Is 7277 a composite number?
True
Is 102031 a composite number?
False
Is 75079 prime?
True
Is 1594 a prime number?
False
Is 5519 a composite number?
False
Is 639517 composite?
False
Is 3739 a prime number?
True
Is 95833 composite?
True
Is 299261 a composite number?
False
Is 2520829 a composite number?
False
Is 63199 a prime number?
True
Is 6125927 a prime number?
True
Is 432533 a composite number?
True
Is 3137 prime?
True
Is 19799 prime?
False
Is 8885 a composite number?
True
Is 21439 a composite number?
True
Is 4195 a prime number?
False
Is 286851 prime?
False
Is 138707 a prime number?
False
Is 739 composite?
False
Is 1062931 prime?
True
Is 2939 a composite number?
False
Is 14591 a prime number?
True
Is 4431227 composite?
False
Is 72613 prime?
True
Is 1215597 prime?
False
Is 16621 a composite number?
True
Is 11213 a prime number?
True
Is 7522 prime?
False
Is 351781 prime?
False
Is 623107 composite?
False
Is 48883 prime?
True
Is 251 a composite number?
False
Is 10154 composite?
True
Is 2999 prime?
True
Is 8751 a composite number?
True
Is 852427 composite?
False
Is 35521 composite?
False
Is 14621 a composite number?
False
Is 30011 composite?
False
Is 13841 a prime number?
True
Is 10977 prime?
False
Is 49727 composite?
False
Is 90379 prime?
True
Is 107057 a prime number?
True
Is 20017 a prime number?
False
Is 176041 a prime number?
True
Is 9899 a prime number?
False
Is 2333 composite?
False
Is 4583 a prime number?
True
Is 6287 a composite number?
False
Is 416173 a composite number?
True
Is 257365 composite?
True
Is 15157 composite?
True
Is 5147 a prime number?
True
Is 162655 a prime number?
False
Is 503 prime?
True
Is 23143 prime?
True
Is 8285 composite?
True
Is 57533 composite?
True
Is 5579 a prime number?
False
Is 6613 composite?
True
Is 65683 a prime number?
False
Is 127231 prime?
False
Is 251 a composite number?
False
Is 2079121 composite?
True
Is 6991 prime?
True
Is 269473 prime?
True
Is 59051 prime?
True
Is 118997 prime?
False
Is 61211 prime?
True
Is 9413 a composite number?
False
Is 8287 prime?
True
Is 4049 a composite number?
False
Is 2819 composite?
False
Is 1963567 a composite number?
False
Is 7453 composite?
True
Is 41443 prime?
True
Is 80831 a composite number?
False
Is 39071 a composite number?
True
Is 623013 composite?
True
Is 219 prime?
False
Is 1799041 composite?
False
Is 4751 prime?
True
Is 2885 prime?
False
Is 647671 a composite number?
True
Is 48595 a prime number?
False
Is 4711 composite?
True
Is 4909 prime?
True
Is 47039 prime?
False
Is 25969 a prime number?
True
Is 83179 prime?
False
Is 37685 a prime number?
False
Is 10099 a composite number?
False
Is 4229 composite?
False
Is 7603 a composite number?
False
Is 4981 composite?
True
Is 260761 a prime number?
True
Is 821897 prime?
True
Is 281518 a composite number?
True
Is 291 a composite number?
True
Is 24491 prime?
False
Is 138013 a prime number?
False
Is 109751 a prime number?
True
Is 153353 a prime number?
True
Is 964397 a prime number?
False
Is 85798 a composite number?
True
Is 90671 composite?
True
Is 529807 a prime number?
True
Is 460289 a prime number?
True
Is 307 composite?
False
Is 2149 prime?
False
Is 18301 composite?
False
Is 3236201 composite?
False
Is 4349 composite?
False
Is 3903 prime?
False
Is 341453 prime?
False
Is 8999 a prime number?
True
Is 1075103 composite?
False
Is 39551 composite?
False
Is 11113 a composite number?
False
Is 59863 prime?
True
Is 10831 composite?
False
Is 46573 prime?
True
Is 19207 prime?
True
Is 1136741 prime?
True
Is 9773 a composite number?
True
Is 266909 composite?
False
Is 71215 a prime number?
False
Is 26981 composite?
False
Is 217267 a prime number?
False
Is 40757 a composite number?
True
Is 9349 a prime number?
True
Is 41579 a composite number?
False
Is 10077 prime?
False
Is 27611 composite?
False
Is 32117 prime?
True
Is 154579 a composite number?
False
Is 9371 prime?
True
Is 135379 a composite number?
True
Is 500727 composite?
True
Is 2222435 a prime number?
False
Is 4052611 prime?
True
Is 1966 a composite number?
True
Is 11519 a prime number?
True
Is 245897 prime?
True
Is 105113 composite?
True
Is 3967 composite?
False
Is 5255 prime?
False
Is 532135 prime?
False
Is 5923 composite?
False
Is 1949 a composite number?
False
Is 325423 prime?
False
Is 912359 prime?
False
Is 98057 composite?
False
Is 4049 prime?
True
Is 203117 a composite number?
False
Is 35491 composite?
False
Is 3777 a composite number?
True
Is 8209 composite?
False
Is 3989 a composite number?
False
Is 144538 prime?
False
Is 545 a composite number?
True
Is 640117 composite?
True
Is 77429 a prime number?
False
Is 29591 a prime number?
False
Is 3557 prime?
True
Is 68353 composite?
True
Is 1703 composite?
True
Is 440751 a composite number?
True
Is 1753 prime?
True
Is 64067 prime?
True
Is 110941 a 